0144654
What is 501046 (base 15) in base 9?
7132043
What is -103441313 (base 5) in base 7?
-3563564
What is -4647040 (base 8) in base 6?
-43041200
What is 65763 (base 11) in base 14?
26ab7
What is -2202022021 (base 3) in base 5?
-3213134
-8182230 (base 9) to base 16
-4299a8
Convert -158dac (base 15) to base 11.
-652347
Convert 1115411314 (base 6) to base 8.
56735636
1853089 (base 13) to base 11
4538499
-307254 (base 10) to base 16
-4b036
-ad0e5c (base 16) to base 2
-101011010000111001011100
12021020100 (base 3) to base 9
167210
Convert 411161 (base 9) to base 13.
86b72
Convert 110111000110011010101 (base 2) to base 16.
1b8cd5
What is -110100000111111100000 (base 2) in base 11?
-a67278
What is -1600503 (base 7) in base 8?
-653163
Convert 366613 (base 8) to base 5.
13020342
What is -92697 (base 14) in base 6?
-11320045
-2066407 (base 8) to base 10
-552199
3037c35 (base 13) to base 12
4a73689
What is 14755441 (base 8) in base 15?
471e23
-111210200100 (base 3) to base 13
-96879
What is -265145a (base 11) in base 15?
-608593
What is 707df (base 16) in base 7?
3626226
405004 (base 7) to base 9
114517
Convert 185372 (base 13) to base 7.
5124260
839c01 (base 14) to base 10
4444889
What is 1275045 (base 9) in base 10?
699152
What is -359851 (base 11) in base 14?
-10b6c9
What is -4255510 (base 6) in base 13?
-7471b
What is -3310124 (base 5) in base 9?
-86057
Convert 3411110 (base 6) to base 14.
46ca6
Convert -833139 (base 11) to base 10.
-1336487
What is 2110021 (base 5) in base 7?
204034
Convert -5d1f0 (base 16) to base 4.
-1131013300
What is 3372b7 (base 14) in base 12?
703a29
373014a (base 11) to base 6
351004230
51d665 (base 14) to base 10
2764473
Convert -30330243 (base 5) to base 4.
-323333002
112510203 (base 7) to base 10
6910179
1001001110010111111111 (base 2) to base 11
14018a1
What is 100110101010100111 (base 2) in base 6?
3221115
Convert cbad1 (base 15) to base 6.
21511411
Convert -238930 (base 10) to base 5.
-30121210
Convert 258136 (base 10) to base 3.
111010002121
2666462 (base 7) to base 6
11321312
What is -124678 (base 9) in base 12?
-37938
-4345206 (base 8) to base 16
-11ca86
What is 4442113 (base 5) in base 6?
1400035
Convert -60898a (base 11) to base 6.
-32544233
Convert -1109908 (base 10) to base 14.
-20c6b2
What is -25515044 (base 7) in base 2?
-1000110111010000111010
-1222121111100 (base 3) to base 14
-1d67b1
-20112201000222 (base 3) to base 5
-1342244320
Convert 52454222 (base 6) to base 11.
956727
Convert 20110100 (base 5) to base 15.
32635
73388a (base 15) to base 4
110321302003
What is -2112707 (base 8) in base 14?
-10907d
1561656 (base 8) to base 2
1101110001110101110
Convert -1cebeb (base 15) to base 9.
-2588455
What is -1114a60 (base 14) in base 9?
-16243804
220112110120 (base 3) to base 8
1657171
Convert 579706 (base 11) to base 16.
e0bfe
-2422452 (base 6) to base 11
-87975
Convert 2166107 (base 8) to base 7.
4653612
-78314 (base 10) to base 7
-444215
What is 22773415 (base 8) in base 11?
28a041a
34108 (base 15) to base 5
20244413
What is -871bab (base 12) in base 14?
-3d9879
12300213133 (base 4) to base 15
250084
Convert -713021 (base 9) to base 12.
-18433a
-8c905 (base 15) to base 4
-1231100222
4eb06 (base 15) to base 4
331211013
What is 1606234 (base 9) in base 15?
128bd7
What is -12263124 (base 7) in base 2?
-100001110011111110101
Convert -1205357 (base 9) to base 11.
-406a72
What is 1231102 (base 10) in base 12?
4b453a
What is -3031003 (base 7) in base 13?
-c8116
Convert -4462243 (base 8) to base 3.
-2021020111212
10022212201121 (base 3) to base 10
1769083
What is -10b957 (base 15) in base 13?
-21c664
Convert 2a8a705 (base 11) to base 15.
6e5d82
2323082 (base 9) to base 11
788234
What is 122358 (base 13) in base 12?
18a979
Convert 1300332221 (base 5) to base 15.
41e541
What is -1779337 (base 11) in base 6?
-144332415
Convert 805197 (base 11) to base 9.
2383721
-14b6 (base 12) to base 13
-115b
What is -189705 (base 10) in base 7?
-1420035
Convert 32023251 (base 6) to base 11.
58a640
-1a860 (base 15) to base 3
-11101100000
-188074 (base 9) to base 6
-2303404
What is 5613664 (base 7) in base 14?
1406db
77351 (base 12) to base 3
22000101021
Convert -8eab7a (base 15) to base 2.
-11010000001000011111010
Convert -1010101101001110000010 (base 2) to base 16.
-2ad382
-2201425 (base 7) to base 8
-1016236
What is 123002113132 (base 4) in base 5?
3303300312
What is 101141224 (base 5) in base 13?
115733
Convert -14065825 (base 10) to base 4.
-311222002201
-627d17 (base 16) to base 6
-350202103
Convert -42734 (base 9) to base 16.
-6e8c
13aacd (base 14) to base 4
2212222131
Convert -3121223120 (base 4) to base 7.
-10402304
What is -3bb89 (base 16) in base 6?
-5124253
What is 89456 (base 12) in base 2?
101100011101000010
-351025 (base 12) to base 8
-3177735
Convert 748440 (base 9) to base 4.
1230311103
2012402 (base 10) to base 13
555c92
-1914930 (base 12) to base 8
-24026464
What is -132030413 (base 6) in base 7?
-31146042
What is 37465 (base 8) in base 4?
3330311
Convert 2dcac6 (base 14) to base 5.
403010433
What is -29b2680 (base 12) in base 15?
-b1bdb3
-f41f (base 16) to base 11
-42a54
Convert 22702373 (base 8) to base 6.
254025055
Convert -267012 (base 9) to base 6.
-3252402
-6b8d9 (base 14) to base 7
-2142062
Convert -20033441 (base 5) to base 12.
-77965
What is baf6d (base 16) in base 12?
30b211
Convert 232312 (base 5) to base 12.
4a89
What is 21231212011 (base 4) in base 16?
26d985
Convert 7c0183 (base 13) to base 7.
34002301
542ac1 (base 14) to base 9
5324012
What is -725363 (base 8) in base 13?
-85541
-32323112110 (base 4) to base 9
-7323687
What is -34489 (base 13) in base 2?
-10111010000011100
Convert -84dd2 (base 15) to base 14.
-ad91c
-27903 (base 11) to base 9
-60401
Convert -2170a7a (base 12) to base 8.
-30224376
Convert -2420224200 (base 5) to base 12.
-1a77a4a
What is 142086 (base 9) in base 15?
1aad9
Convert 5122c (base 15) to base 6.
5301440
What is -7898a (base 12) in base 4?
-213021322
What is 365636 (base 9) in base 15?
455bc
133202 (base 12) to base 16
4d462
10421310401 (base 5) to base 9
23582801
1413303340 (base 5) to base 7
43012525
Convert -112372 (base 10) to base 15.
-23467
What is -2122347 (base 11) in base 3?
-21000211120001
Convert 101101010100001000 (base 2) to base 11.
1174a5
What is -223204031 (base 5) in base 7?
-11265424
Convert 467766 (base 10) to base 13.
134bb0
Convert -25114510 (base 7) to base 9.
-4217777
What is 1bee5 (base 16) in base 14?
2d99b
Convert 2253165 (base 8) to base 6.
21041045
Convert -491078 (base 16) to base 4.
-102101001320
What is -11121015 (base 8) in base 3?
-11111222020211
What is -6201301 (base 7) in base 9?
-1347071
-92155c (base 13) to base 8
-14764226
45414041 (base 6) to base 12
56a321
What is 11122112022210 (base 3) in base 15?
33c163
Convert -46b266 (base 14) to base 10.
-2412458
Convert -473d (base 15) to base 16.
-3b1d
What is -1311323 (base 4) in base 11?
-5741
What is 32203211300 (base 4) in base 9?
7155248
Convert -1960b89 (base 12) to base 7.
-63326160
Convert -ab6525 (base 14) to base 4.
-112030132311
What is -de2cc (base 15) in base 8?
-2542741
Convert -e437b (base 16) to base 2.
-11100100001101111011
What is -1107426 (base 11) in base 6?
-105344441
Convert 45ca6a (base 13) to base 16.
194537
What is -11177b (base 16) in base 4?
-10101131323
Convert -703718 (base 11) to base 6.
-40133424
-2520861 (base 12) to base 4
-123230023021
What is -1010002231 (base 4) in base 7?
-2240353
-1110001100101001111 (base 2) to base 4
-1301211033
What is -9c903 (base 13) in base 4?
-1011210021
Convert 1842030 (base 10) to base 5.
432421110
Convert -3ea2c (base 15) to base 8.
-611311
Convert 10011012201221 (base 3) to base 11.
a46152
What is 237085a (base 13) in base 3?
202122021102202
What is -1147750 (base 9) in base 12?
-260269
What is 77ff1 (base 16) in base 5?
111212010
What is -b59a9 (base 15) in base 2?
-10001100100110111110
Convert 10210222102012 (base 3) to base 13.
55c781
What is -22c962 (base 15) in base 12?
-6821b5
-2705519 (base 13) to base 5
-11114431041
Convert -4037 (base 10) to base 13.
-1ab7
What is 124423 (base 11) in base 5?
22234131
-1564a (base 16) to base 10
-87626
What is 2189199 (base 10) in base 12?
896a93
What is 1200440555 (base 6) in base 11?
